451 is divided by 167242?
209
What is the remainder when 3036951 is divided by 54231?
15
What is the remainder when 6226 is divided by 6218?
8
What is the remainder when 1483254 is divided by 2159?
21
Calculate the remainder when 466001 is divided by 93146.
271
What is the remainder when 2346008 is divided by 5344?
5336
What is the remainder when 217699 is divided by 8266?
2783
Calculate the remainder when 46892 is divided by 46781.
111
Calculate the remainder when 16461407 is divided by 16.
15
What is the remainder when 109389 is divided by 101470?
7919
Calculate the remainder when 756230 is divided by 1346.
1124
Calculate the remainder when 24032994 is divided by 269.
265
What is the remainder when 290942 is divided by 861?
785
Calculate the remainder when 22716100 is divided by 13.
4
What is the remainder when 5832639 is divided by 729058?
175
What is the remainder when 158265 is divided by 58?
41
What is the remainder when 344477 is divided by 86114?
21
Calculate the remainder when 245571 is divided by 22233.
1008
What is the remainder when 1277169 is divided by 438?
399
What is the remainder when 8942 is divided by 126?
122
What is the remainder when 1856672 is divided by 471?
461
Calculate the remainder when 31677729 is divided by 612.
609
Calculate the remainder when 2536802478 is divided by 1520.
1518
Calculate the remainder when 19985339 is divided by 6265.
6254
Calculate the remainder when 347751 is divided by 112899.
9054
What is the remainder when 7589418 is divided by 843?
732
What is the remainder when 1131945 is divided by 188640?
105
What is the remainder when 6278901 is divided by 149496?
69
Calculate the remainder when 202439 is divided by 44.
39
What is the remainder when 39639 is divided by 928?
663
Calculate the remainder when 393289 is divided by 1174.
1173
Calculate the remainder when 86244928 is divided by 10.
8
Calculate the remainder when 250752 is divided by 5571.
57
Calculate the remainder when 66162 is divided by 131.
7
Calculate the remainder when 909903 is divided by 7076.
4175
Calculate the remainder when 5099463 is divided by 1019885.
38
What is the remainder when 1720609 is divided by 156413?
66
Calculate the remainder when 131726 is divided by 1291.
44
Calculate the remainder when 2578847 is divided by 234407.
370
What is the remainder when 481950 is divided by 101?
79
Calculate the remainder when 213407 is divided by 26284.
3135
What is the remainder when 5607521 is divided by 1446?
1379
What is the remainder when 49100573 is divided by 77?
60
Calculate the remainder when 2769785 is divided by 115403.
113
Calculate the remainder when 34685743 is divided by 16.
15
Calculate the remainder when 924073 is divided by 18467.
723
What is the remainder when 171626183 is divided by 23?
22
What is the remainder when 130607 is divided by 29039?
14451
Calculate the remainder when 135967 is divided by 67237.
1493
Calculate the remainder when 2999608 is divided by 49.
24
What is the remainder when 3627602 is divided by 15841?
13
What is the remainder when 55574199 is divided by 8024?
7999
What is the remainder when 9091836 is divided by 13570?
13506
Calculate the remainder when 15116800 is divided by 476.
468
Calculate the remainder when 411395 is divided by 72.
59
Calculate the remainder when 6476057 is divided by 523.
271
What is the remainder when 35500 is divided by 35472?
28
Calculate the remainder when 1051802 is divided by 1.
0
Calculate the remainder when 5401167 is divided by 119.
114
Calculate the remainder when 32523985 is divided by 2792.
2769
What is the remainder when 2229834 is divided by 1368?
1362
What is the remainder when 615502 is divided by 28?
6
What is the remainder when 56851 is divided by 4?
3
What is the remainder when 3288604 is divided by 614?
20
What is the remainder when 715862 is divided by 31003?
2793
Calculate the remainder when 5212447 is divided by 10903.
813
What is the remainder when 6476736 is divided by 316?
0
Calculate the remainder when 2140423 is divided by 5.
3
Calculate the remainder when 216274 is divided by 572.
58
What is the remainder when 22881849 is divided by 1825?
1824
Calculate the remainder when 4582950 is divided by 33.
9
Calculate the remainder when 31086 is divided by 2067.
81
What is the remainder when 4855188 is divided by 4854988?
200
What is the remainder when 15528 is divided by 1968?
1752
What is the remainder when 1425531 is divided by 129558?
393
What is the remainder when 121493 is divided by 1429?
28
Calculate the remainder when 79083 is divided by 721.
494
What is the remainder when 819421675 is divided by 14?
9
Calculate the remainder when 479003 is divided by 472.
395
Calculate the remainder when 949521 is divided by 1008.
993
Calculate the remainder when 106633 is divided by 382.
55
Calculate the remainder when 1261935 is divided by 87.
0
Calculate the remainder when 327624 is divided by 1227.
15
What is the remainder when 2190955 is divided by 18726?
13
Calculate the remainder when 352895 is divided by 117626.
17
What is the remainder when 1312142 is divided by 1790?
72
What is the remainder when 260156 is divided by 5006?
4850
What is the remainder when 221354 is divided by 11649?
23
Calculate the remainder when 381770 is divided by 653.
418
Calculate the remainder when 5769533 is divided by 665.
658
Calculate the remainder when 134360773 is divided by 243.
241
What is the remainder when 317050 is divided by 4228?
4178
Calculate the remainder when 27281290 is divided by 670.
230
What is the remainder when 68353718 is divided by 68353718?
0
What is the remainder when 64223539 is divided by 44?
39
Calculate the remainder when 283865 is divided by 66.
65
What is the remainder when 10448896 is divided by 87074?
16
Calculate the remainder when 128444 is divided by 4165.
3494
Calculate the remainder when 247578 is divided by 5262.
264
What is the remainder when 2727260 is divided by 572?
536
What is the remainder when 292778368 is divided by 799?
798
What is the remainder when 7305728 is divided by 2188?
2184
What is the remainder when 56630292 is divided by 2265211?
17
What is the remainder when 1158842 is divided by 3010?
3002
What is the remainder when 70163 is divided by 674?
67
What is the remainder when 654307 is divided by 16?
3
Calculate the remainder when 8099086 is divided by 2699267.
1285
What is the remainder when 47302 is divided by 4?
2
What is the remainder when 35703578 is divided by 1?
0
Calculate the remainder when 792455 is divided by 166.
137
What is the remainder when 289394 is divided by 289376?
18
What is the remainder when 196272 is divided by 1949?
1372
What is the remainder when 5180428 is divided by 235474?
0
What is the remainder when 54886 is divided by 1267?
405
What is the remainder when 16418236 is divided by 67?
20
What is the remainder when 228353 is divided by 951?
113
Calculate the remainder when 8436585 is divided by 251.
224
Calculate the remainder when 555731576 is divided by 2587.
2584
Calculate the remainder when 636112 is divided by 799.
108
Calculate the remainder when 8475430 is divided by 76.
62
Calculate the remainder when 13344722 is divided by 21.
20
Calculate the remainder when 5433836 is divided by 372.
32
What is the remainder when 828125 is divided by 118295?
60
Calculate the remainder when 112556308 is divided by 1166.
1162
Calculate the remainder when 1004729 is divided by 23.
20
Calculate the remainder when 9355634 is divided by 1665.
1664
Calculate the remainder when 189419762 is divided by 31.
28
Calculate the remainder when 998729 is divided by 27741.
53
Calculate the remainder when 105772726 is divided by 373.
370
What is the remainder when 245620782 is divided by 6859?
6851
What is the remainder when 24735214 is divided by 79?
77
What is the remainder when 22263 is divided by 959?
206
What is the remainder when 361866 is divided by 20096?
138
What is the remainder when 20698919 is divided by 360?
359
What is the remainder when 71962737 is divided by 30?
27
Calculate the remainder when 468354310 is divided by 509.
505
What is the remainder when 3300 is divided by 1343?
614
Calculate the remainder when 52187807 is divided by 567.
560
What is the remainder when 18920832 is divided by 58?
14
What